


{"id":5279,"date":"2019-03-11T16:15:58","date_gmt":"2019-03-11T15:15:58","guid":{"rendered":"https:\/\/www.afm.fe.it\/?post_type=amm-trasparente&#038;p=2340"},"modified":"2021-01-21T12:45:56","modified_gmt":"2021-01-21T11:45:56","slug":"articolazione-degli-uffici","status":"publish","type":"amm-trasparente","link":"https:\/\/www.afm.fe.it\/?amm-trasparente=articolazione-degli-uffici","title":{"rendered":"Articolazione degli uffici"},"content":{"rendered":"<p class=\"last-updated\">Ultimo aggiornamento Gennaio 21st, 2021 alle ore 12:45 pm<\/p>\n<p>   <\/p>\n\n\n\n<hr class=\"wp-block-separator is-style-wide\" \/>\n\n\n\n<p>   <\/p>\n\n\n\n<p>Sezione relativa all&#8217;articolazione degli uffici, come indicato all&#8217;<a href=\"http:\/\/www.normattiva.it\/uri-res\/N2Ls?urn:nir:stato:decreto.legislativo:2013-03-14;33!vig=\">art. 13, c. 1, lett. b) e c) del d.lgs. 33\/2013.&nbsp;<\/a> <\/p>\n\n\n\n<p>      <\/p>\n\n\n\n<hr class=\"wp-block-separator is-style-wide\" \/>\n\n\n\n<p><\/p>\n\n\n\n<p>Si riporta, di seguito, un estratto della &#8220;Sezione 4: Organizzazione Societaria&#8221;, del Piano Triennale di Prevenzione della Corruzione e della Trasparenza 2019-2021.<\/p>\n\n\n\n<h5 class=\"wp-block-heading\"><br><strong>SOCI<\/strong><\/h5>\n\n\n\n<p>L\u2019assemblea \u00e8 composta dai seguenti Soci Pubblici:<\/p>\n\n\n\n<ul class=\"wp-block-list\"><li>Comune Di Ferrara;<\/li><li>Holding Ferrara Servizi Srl (societ\u00e0 unipersonale del Comune di Ferrara).<\/li><\/ul>\n\n\n\n<h5 class=\"wp-block-heading\"><br><strong>AMMINISTRAZIONE<\/strong><\/h5>\n\n\n\n<p>La governance della societ\u00e0 consta di un Amministratore Unico.<\/p>\n\n\n\n<p>La nomina dell\u2019Amministratore Unico \u00e8 riservata in analogia all\u2019 art. 2449 c.c. al Comune di Ferrara e allo stesso vengono demandati tutti i pi\u00f9 ampi poteri di ordinaria e<\/p>\n\n\n\n<p>straordinaria amministrazione per la gestione della societ\u00e0 salvo i poteri riservati per legge o per statuto alla assemblea dei soci. In particolare, a norma dell\u2019art. 15.3 dello statuto, sono sottoposti alla preventiva autorizzazione dell\u2019Assemblea dei Soci i seguenti atti di competenza dell\u2019Organo Amministrativo:<\/p>\n\n\n\n<ul class=\"wp-block-list\"><li>contratto di Servizio;<\/li><li>costituzione di nuove societ\u00e0 e acquisizione e dismissione di partecipazioni societarie;<\/li><li>acquisti e alienazioni di immobili, aziende e rami di azienda.<\/li><\/ul>\n\n\n\n<h5 class=\"wp-block-heading\"><br><strong>DIREZIONE GENERALE<\/strong><\/h5>\n\n\n\n<p>Il Direttore Generale provvede alla gestione operativa della societ\u00e0 secondo i poteri, le attribuzioni e le direttive di cui alla determina dell\u2019Amministratore Unico depositata presso il Registro Imprese di Ferrara.<\/p>\n\n\n\n<p>Il Direttore si pone in posizione di supremazia gerarchica rispetto alle altre funzioni presenti in azienda; egli dipende a sua volta gerarchicamente dall\u2019Amministratore Unico. Al Direttore Generale spetta la rappresentanza della Societ\u00e0 di fronte ai terzi e in giudizio in caso di impedimento dell\u2019Amministratore Unico.<\/p>\n\n\n\n<p>Egli \u00e8 individuato quale Datore di lavoro ai sensi del D. Lgs. 81\/2008, con tutti i poteri e gli obblighi conseguenti.<\/p>\n\n\n\n<h5 class=\"wp-block-heading\"><br><strong>COLLEGIO SINDACALE<\/strong><\/h5>\n\n\n\n<p>Il Collegio Sindacale \u00e8 composto da 3 membri effettivi e 2 supplenti. Tutti i membri del Collegio durano in carica per 3 esercizi fiscali e sono rieleggibili. Al Collegio Sindacale \u00e8 affidato il compito di vigilanza:<\/p>\n\n\n\n<ul class=\"wp-block-list\"><li>sull\u2019osservanza della legge e dello statuto;<\/li><li>sul rispetto dei principi di corretta amministrazione;<\/li><li>sull\u2019adeguatezza della struttura organizzativa della Societ\u00e0, del sistema di controllo interno e del sistema amministrativo contabile.<\/li><\/ul>\n\n\n\n<p>Al collegio sindacale \u00e8 altres\u00ec demandato il compito di revisione e controllo contabile dei conti della societ\u00e0.<\/p>\n\n\n\n<p>In analogia all\u2019art. 2449 c.c. spetta al Comune di Ferrara la nomina dei membri del Collegio Sindacale, sia degli effettivi che dei supplenti, compreso il presidente.<\/p>\n\n\n\n<h5 class=\"wp-block-heading\"><br><strong>ALTRE FUNZIONI AZIENDALI (DIPENDENTI)<\/strong><\/h5>\n\n\n\n<p><span style=\"text-decoration: underline\">Amministrazione:<\/span><br>Tale settore \u00e8 articolato nei seguenti Uffici: Amministrazione del personale, Budgeting e Bilancio, Cassa banche e gestione finanziaria, Contabilit\u00e0 Generale\/Gestione Acquisti, Contabilit\u00e0 Generale\/Vendite e Iva, Contabilit\u00e0 analitica. Tale settore si occupa altres\u00ec di: controllo di gestione, rapporti con i fornitori (eccetto le aziende farmaceutiche e i consulenti), rapporti con le Associazioni di Categoria. E\u2019 individuato un Responsabile Amministrativo con deleghe prettamente interne.<br><span style=\"text-decoration: underline\">Farmacie:<\/span><br>Sono individuate le seguenti Farmacie Comunali, gestite in loco da un dipendente indicato quale \u201cDirettore di farmacia\u201d. Presso tutte le farmacie sono erogati farmaci e parafarmaci, \u00e8 inoltre erogato il servizio di prenotazione delle prestazioni medico-sanitarie in convenzione con il SSN: Farmacia Krasnodar, Farmacia Foro Boario, Farmacia Estense, Farmacia del Naviglio, Farmacia Stazione, Farmacia Porta Mare e Porta Mare Servizi, Farmacia Arianuova, Farmacia Barco, Farmacia Mizzana, Farmacia Pontegradella, Farmacia Gaibanella.<br><span style=\"text-decoration: underline\">Centro Aerosolterapia:<\/span><br>Tali ambulatori, in ossequio alla normativa vigente, erogano prestazioni inerenti il servizio specialistico di aerosolterapia e logopedia per opera di medici e tecnici specializzati.<br><span style=\"text-decoration: underline\">Deposito\/Gestione vendite on line:<\/span><br>Tale settore si occupa della gestione del deposito interno e delle attivit\u00e0 concernenti la vendita on-line: imballaggio, spedizione, fatturazione di parafarmaci, di dispositivi medici e farmaci OTC e SOP.<\/p>\n","protected":false},"excerpt":{"rendered":"<p>Ultimo aggiornamento Gennaio 21st, 2021 alle ore 12:45 pm Sezione relativa all&#8217;articolazione degli uffici, come indicato all&#8217;art. 13, c. 1, lett. b) e c) del d.lgs. 33\/2013.&nbsp; Si riporta, di&hellip;<\/p>\n","protected":false},"author":6,"menu_order":0,"template":"","tipologie":[8],"class_list":["post-5279","amm-trasparente","type-amm-trasparente","status-publish","hentry","tipologie-articolazione-degli-uffici","description-off"],"_links":{"self":[{"href":"https:\/\/www.afm.fe.it\/index.php?rest_route=\/wp\/v2\/amm-trasparente\/5279","targetHints":{"allow":["GET"]}}],"collection":[{"href":"https:\/\/www.afm.fe.it\/index.php?rest_route=\/wp\/v2\/amm-trasparente"}],"about":[{"href":"https:\/\/www.afm.fe.it\/index.php?rest_route=\/wp\/v2\/types\/amm-trasparente"}],"author":[{"embeddable":true,"href":"https:\/\/www.afm.fe.it\/index.php?rest_route=\/wp\/v2\/users\/6"}],"version-history":[{"count":11,"href":"https:\/\/www.afm.fe.it\/index.php?rest_route=\/wp\/v2\/amm-trasparente\/5279\/revisions"}],"predecessor-version":[{"id":8877,"href":"https:\/\/www.afm.fe.it\/index.php?rest_route=\/wp\/v2\/amm-trasparente\/5279\/revisions\/8877"}],"wp:attachment":[{"href":"https:\/\/www.afm.fe.it\/index.php?rest_route=%2Fwp%2Fv2%2Fmedia&parent=5279"}],"wp:term":[{"taxonomy":"tipologie","embeddable":true,"href":"https:\/\/www.afm.fe.it\/index.php?rest_route=%2Fwp%2Fv2%2Ftipologie&post=5279"}],"curies":[{"name":"wp","href":"https:\/\/api.w.org\/{rel}","templated":true}]}}

<p class="last-updated">Ultimo aggiornamento Gennaio 21st, 2021 alle ore 12:45 pm</p>
<p>   </p>



<hr class="wp-block-separator is-style-wide" />



<p>   </p>



<p>Sezione relativa all&#8217;articolazione degli uffici, come indicato all&#8217;<a href="http://www.normattiva.it/uri-res/N2Ls?urn:nir:stato:decreto.legislativo:2013-03-14;33!vig=">art. 13, c. 1, lett. b) e c) del d.lgs. 33/2013.&nbsp;</a> </p>



<p>      </p>



<hr class="wp-block-separator is-style-wide" />



<p></p>



<p>Si riporta, di seguito, un estratto della &#8220;Sezione 4: Organizzazione Societaria&#8221;, del Piano Triennale di Prevenzione della Corruzione e della Trasparenza 2019-2021.</p>



<h5 class="wp-block-heading"><br><strong>SOCI</strong></h5>



<p>L’assemblea è composta dai seguenti Soci Pubblici:</p>



<ul class="wp-block-list"><li>Comune Di Ferrara;</li><li>Holding Ferrara Servizi Srl (società unipersonale del Comune di Ferrara).</li></ul>



<h5 class="wp-block-heading"><br><strong>AMMINISTRAZIONE</strong></h5>



<p>La governance della società consta di un Amministratore Unico.</p>



<p>La nomina dell’Amministratore Unico è riservata in analogia all’ art. 2449 c.c. al Comune di Ferrara e allo stesso vengono demandati tutti i più ampi poteri di ordinaria e</p>



<p>straordinaria amministrazione per la gestione della società salvo i poteri riservati per legge o per statuto alla assemblea dei soci. In particolare, a norma dell’art. 15.3 dello statuto, sono sottoposti alla preventiva autorizzazione dell’Assemblea dei Soci i seguenti atti di competenza dell’Organo Amministrativo:</p>



<ul class="wp-block-list"><li>contratto di Servizio;</li><li>costituzione di nuove società e acquisizione e dismissione di partecipazioni societarie;</li><li>acquisti e alienazioni di immobili, aziende e rami di azienda.</li></ul>



<h5 class="wp-block-heading"><br><strong>DIREZIONE GENERALE</strong></h5>



<p>Il Direttore Generale provvede alla gestione operativa della società secondo i poteri, le attribuzioni e le direttive di cui alla determina dell’Amministratore Unico depositata presso il Registro Imprese di Ferrara.</p>



<p>Il Direttore si pone in posizione di supremazia gerarchica rispetto alle altre funzioni presenti in azienda; egli dipende a sua volta gerarchicamente dall’Amministratore Unico. Al Direttore Generale spetta la rappresentanza della Società di fronte ai terzi e in giudizio in caso di impedimento dell’Amministratore Unico.</p>



<p>Egli è individuato quale Datore di lavoro ai sensi del D. Lgs. 81/2008, con tutti i poteri e gli obblighi conseguenti.</p>



<h5 class="wp-block-heading"><br><strong>COLLEGIO SINDACALE</strong></h5>



<p>Il Collegio Sindacale è composto da 3 membri effettivi e 2 supplenti. Tutti i membri del Collegio durano in carica per 3 esercizi fiscali e sono rieleggibili. Al Collegio Sindacale è affidato il compito di vigilanza:</p>



<ul class="wp-block-list"><li>sull’osservanza della legge e dello statuto;</li><li>sul rispetto dei principi di corretta amministrazione;</li><li>sull’adeguatezza della struttura organizzativa della Società, del sistema di controllo interno e del sistema amministrativo contabile.</li></ul>



<p>Al collegio sindacale è altresì demandato il compito di revisione e controllo contabile dei conti della società.</p>



<p>In analogia all’art. 2449 c.c. spetta al Comune di Ferrara la nomina dei membri del Collegio Sindacale, sia degli effettivi che dei supplenti, compreso il presidente.</p>



<h5 class="wp-block-heading"><br><strong>ALTRE FUNZIONI AZIENDALI (DIPENDENTI)</strong></h5>



<p><span style="text-decoration: underline">Amministrazione:</span><br>Tale settore è articolato nei seguenti Uffici: Amministrazione del personale, Budgeting e Bilancio, Cassa banche e gestione finanziaria, Contabilità Generale/Gestione Acquisti, Contabilità Generale/Vendite e Iva, Contabilità analitica. Tale settore si occupa altresì di: controllo di gestione, rapporti con i fornitori (eccetto le aziende farmaceutiche e i consulenti), rapporti con le Associazioni di Categoria. E’ individuato un Responsabile Amministrativo con deleghe prettamente interne.<br><span style="text-decoration: underline">Farmacie:</span><br>Sono individuate le seguenti Farmacie Comunali, gestite in loco da un dipendente indicato quale “Direttore di farmacia”. Presso tutte le farmacie sono erogati farmaci e parafarmaci, è inoltre erogato il servizio di prenotazione delle prestazioni medico-sanitarie in convenzione con il SSN: Farmacia Krasnodar, Farmacia Foro Boario, Farmacia Estense, Farmacia del Naviglio, Farmacia Stazione, Farmacia Porta Mare e Porta Mare Servizi, Farmacia Arianuova, Farmacia Barco, Farmacia Mizzana, Farmacia Pontegradella, Farmacia Gaibanella.<br><span style="text-decoration: underline">Centro Aerosolterapia:</span><br>Tali ambulatori, in ossequio alla normativa vigente, erogano prestazioni inerenti il servizio specialistico di aerosolterapia e logopedia per opera di medici e tecnici specializzati.<br><span style="text-decoration: underline">Deposito/Gestione vendite on line:</span><br>Tale settore si occupa della gestione del deposito interno e delle attività concernenti la vendita on-line: imballaggio, spedizione, fatturazione di parafarmaci, di dispositivi medici e farmaci OTC e SOP.</p>
