


{"id":9341,"date":"2021-06-11T11:55:56","date_gmt":"2021-06-11T09:55:56","guid":{"rendered":"https:\/\/www.afm.fe.it\/?post_type=dt_portfolio&#038;p=9341"},"modified":"2021-06-11T12:22:01","modified_gmt":"2021-06-11T10:22:01","slug":"check-up-della-pelle-e-del-cuoio-capelluto","status":"publish","type":"dt_portfolio","link":"https:\/\/www.afm.fe.it\/?dt_portfolio=check-up-della-pelle-e-del-cuoio-capelluto","title":{"rendered":"Check up pelle e cuoio capelluto"},"content":{"rendered":"<p>[vc_row][vc_column width=&#8221;1\/2&#8243;][vc_single_image image=&#8221;9347&#8243; img_size=&#8221;900&#215;660&#8243;][\/vc_column][vc_column width=&#8221;1\/2&#8243;]<div class=\"dt-fancy-separator title-left h3-size style-disabled\" style=\"width: 100%;\"><div class=\"dt-fancy-title\" style=\"color: #438e51;\"><span class=\"separator-holder separator-left\"><\/span>CHECK UP DELLA PELLE E DEL CUOIO CAPELLUTO<span class=\"separator-holder separator-right\"><\/span><\/div><\/div>[vc_empty_space height=&#8221;15px&#8221;][vc_column_text]<\/p>\n<p class=\"m_-3498813895156261809msonormalmrcssattr\">L\u2019 analisi della pelle e cuoio capelluto<strong> eseguito in farmacia<\/strong> \u00e8 un servizio offerto a tutti i clienti che desiderano o necessitano di un\u2019a<strong>ccurata valutazione di tipo strumentale che la semplice analisi di tipo visivo non pu\u00f2 garantire<\/strong>. Viene <strong>attuata in uno spazio dedicato, riservato, cos\u00ec da poter avere a disposizione l\u2019ambiente e il tempo necessario alla totale attenzione alla persona e alle sue esigenze<\/strong>.<\/p>\n<p class=\"m_-3498813895156261809msonormalmrcssattr\">\u00c8 svolta a seguito di un\u2019intervista che l\u2019operatore fa al\/alla cliente, in cui s<strong>i indaga su quali siano i bisogni e le aspettative desiderate, quali aspetti della propria cute voglia migliorare<\/strong>, come ad esempio la necessit\u00e0 di risolvere una condizione di secchezza importante, piuttosto che di rossori diffusi, piuttosto che manifestazioni di iperseborrea o prurito.<u><\/u><u><\/u><\/p>\n<p class=\"m_-3498813895156261809msonormalmrcssattr\">Ma non solo. Durante il colloquio iniziale non si indaga esclusivamente sulle necessit\u00e0 cutanee, ma<strong> si chiede alla persona di parlare di s\u00e8 a tutto tondo, quali siano le sue abitudini, che lavoro fa, come \u00e8 l\u2019alimentazione, se pratica sport<\/strong>, ecc. cosicch\u00e9 l\u2019<strong>operatore possa inquadrare quale sia la routine dermocosmetica e nutraceutica pi\u00f9 adatta per la persona<\/strong>, offrendo <strong>un consiglio il pi\u00f9 personalizzato possibile<\/strong> definito in seguito a un <strong>risultato di tipo strumentale<\/strong> e a cui poi \u00e8 possibile nel tempo<strong> garantire il monitoraggio dei miglioramenti<\/strong>.<\/p>\n<p>[\/vc_column_text]<div class=\"dt-fancy-separator title-left h4-size style-disabled\" style=\"width: 100%;\"><div class=\"dt-fancy-title\" style=\"color: #438e51;\"><span class=\"separator-holder separator-left\"><\/span>Il servizio \u00e8 attivo presso la Farmacia del Naviglio<span class=\"separator-holder separator-right\"><\/span><\/div><\/div>[\/vc_column][\/vc_row]<\/p>\n","protected":false},"excerpt":{"rendered":"<p>[vc_row][vc_column width=&#8221;1\/2&#8243;][vc_single_image image=&#8221;9347&#8243; img_size=&#8221;900&#215;660&#8243;][\/vc_column][vc_column width=&#8221;1\/2&#8243;][vc_empty_space height=&#8221;15px&#8221;][vc_column_text] L\u2019 analisi della pelle e cuoio capelluto eseguito in farmacia \u00e8 un servizio offerto a tutti i clienti che desiderano o necessitano di un\u2019accurata&hellip;<\/p>\n","protected":false},"author":3,"featured_media":9347,"comment_status":"closed","ping_status":"closed","template":"","dt_portfolio_category":[138],"dt_portfolio_tags":[],"class_list":["post-9341","dt_portfolio","type-dt_portfolio","status-publish","has-post-thumbnail","hentry","dt_portfolio_category-servizi","dt_portfolio_category-138","description-off"],"_links":{"self":[{"href":"https:\/\/www.afm.fe.it\/index.php?rest_route=\/wp\/v2\/dt_portfolio\/9341","targetHints":{"allow":["GET"]}}],"collection":[{"href":"https:\/\/www.afm.fe.it\/index.php?rest_route=\/wp\/v2\/dt_portfolio"}],"about":[{"href":"https:\/\/www.afm.fe.it\/index.php?rest_route=\/wp\/v2\/types\/dt_portfolio"}],"author":[{"embeddable":true,"href":"https:\/\/www.afm.fe.it\/index.php?rest_route=\/wp\/v2\/users\/3"}],"replies":[{"embeddable":true,"href":"https:\/\/www.afm.fe.it\/index.php?rest_route=%2Fwp%2Fv2%2Fcomments&post=9341"}],"version-history":[{"count":12,"href":"https:\/\/www.afm.fe.it\/index.php?rest_route=\/wp\/v2\/dt_portfolio\/9341\/revisions"}],"predecessor-version":[{"id":9357,"href":"https:\/\/www.afm.fe.it\/index.php?rest_route=\/wp\/v2\/dt_portfolio\/9341\/revisions\/9357"}],"wp:featuredmedia":[{"embeddable":true,"href":"https:\/\/www.afm.fe.it\/index.php?rest_route=\/wp\/v2\/media\/9347"}],"wp:attachment":[{"href":"https:\/\/www.afm.fe.it\/index.php?rest_route=%2Fwp%2Fv2%2Fmedia&parent=9341"}],"wp:term":[{"taxonomy":"dt_portfolio_category","embeddable":true,"href":"https:\/\/www.afm.fe.it\/index.php?rest_route=%2Fwp%2Fv2%2Fdt_portfolio_category&post=9341"},{"taxonomy":"dt_portfolio_tags","embeddable":true,"href":"https:\/\/www.afm.fe.it\/index.php?rest_route=%2Fwp%2Fv2%2Fdt_portfolio_tags&post=9341"}],"curies":[{"name":"wp","href":"https:\/\/api.w.org\/{rel}","templated":true}]}}

<p>[vc_row][vc_column width=&#8221;1/2&#8243;][vc_single_image image=&#8221;9347&#8243; img_size=&#8221;900&#215;660&#8243;][/vc_column][vc_column width=&#8221;1/2&#8243;]<div class="dt-fancy-separator title-left h3-size style-disabled" style="width: 100%;"><div class="dt-fancy-title" style="color: #438e51;"><span class="separator-holder separator-left"></span>CHECK UP DELLA PELLE E DEL CUOIO CAPELLUTO<span class="separator-holder separator-right"></span></div></div>[vc_empty_space height=&#8221;15px&#8221;][vc_column_text]</p>
<p class="m_-3498813895156261809msonormalmrcssattr">L’ analisi della pelle e cuoio capelluto<strong> eseguito in farmacia</strong> è un servizio offerto a tutti i clienti che desiderano o necessitano di un’a<strong>ccurata valutazione di tipo strumentale che la semplice analisi di tipo visivo non può garantire</strong>. Viene <strong>attuata in uno spazio dedicato, riservato, così da poter avere a disposizione l’ambiente e il tempo necessario alla totale attenzione alla persona e alle sue esigenze</strong>.</p>
<p class="m_-3498813895156261809msonormalmrcssattr">È svolta a seguito di un’intervista che l’operatore fa al/alla cliente, in cui s<strong>i indaga su quali siano i bisogni e le aspettative desiderate, quali aspetti della propria cute voglia migliorare</strong>, come ad esempio la necessità di risolvere una condizione di secchezza importante, piuttosto che di rossori diffusi, piuttosto che manifestazioni di iperseborrea o prurito.<u></u><u></u></p>
<p class="m_-3498813895156261809msonormalmrcssattr">Ma non solo. Durante il colloquio iniziale non si indaga esclusivamente sulle necessità cutanee, ma<strong> si chiede alla persona di parlare di sè a tutto tondo, quali siano le sue abitudini, che lavoro fa, come è l’alimentazione, se pratica sport</strong>, ecc. cosicché l’<strong>operatore possa inquadrare quale sia la routine dermocosmetica e nutraceutica più adatta per la persona</strong>, offrendo <strong>un consiglio il più personalizzato possibile</strong> definito in seguito a un <strong>risultato di tipo strumentale</strong> e a cui poi è possibile nel tempo<strong> garantire il monitoraggio dei miglioramenti</strong>.</p>
<p>[/vc_column_text]<div class="dt-fancy-separator title-left h4-size style-disabled" style="width: 100%;"><div class="dt-fancy-title" style="color: #438e51;"><span class="separator-holder separator-left"></span>Il servizio è attivo presso la Farmacia del Naviglio<span class="separator-holder separator-right"></span></div></div>[/vc_column][/vc_row]</p>

<p>[vc_row][vc_column width=&#8221;1/2&#8243;][vc_single_image image=&#8221;9347&#8243; img_size=&#8221;900&#215;660&#8243;][/vc_column][vc_column width=&#8221;1/2&#8243;][vc_empty_space height=&#8221;15px&#8221;][vc_column_text] L’ analisi della pelle e cuoio capelluto eseguito in farmacia è un servizio offerto a tutti i clienti che desiderano o necessitano di un’accurata&hellip;</p>
