


{"id":15,"date":"2020-01-21T11:22:04","date_gmt":"2020-01-21T10:22:04","guid":{"rendered":"https:\/\/www.afm.fe.it\/?page_id=15"},"modified":"2023-12-29T11:21:52","modified_gmt":"2023-12-29T10:21:52","slug":"azienda","status":"publish","type":"page","link":"https:\/\/www.afm.fe.it\/?page_id=15","title":{"rendered":"Azienda"},"content":{"rendered":"<p>[vc_row][vc_column]<div class=\"dt-fancy-separator h2-size style-disabled\" style=\"width: 100%;\"><div class=\"dt-fancy-title\" style=\"color: #438e51;\"><span class=\"separator-holder separator-left\"><\/span>Azienda<span class=\"separator-holder separator-right\"><\/span><\/div><\/div>[vc_empty_space][\/vc_column][\/vc_row][vc_row css=&#8221;.vc_custom_1585060933258{background-color: rgba(232,232,232,0.33) !important;*background-color: rgb(232,232,232) !important;}&#8221;][vc_column width=&#8221;1\/2&#8243;][vc_single_image image=&#8221;6257&#8243; img_size=&#8221;900&#215;350&#8243;][\/vc_column][vc_column width=&#8221;1\/2&#8243;]<div class=\"dt-fancy-separator h3-size style-disabled\" style=\"width: 100%;\"><div class=\"dt-fancy-title\" style=\"color: #333333;\"><span class=\"separator-holder separator-left\"><\/span>La Storia<span class=\"separator-holder separator-right\"><\/span><\/div><\/div>[vc_empty_space height=&#8221;15px&#8221;][vc_column_text]AFM Farmacie Comunali di Ferrara S.r.l. nasce nella primavera dell&#8217;anno 2012 dalla trasformazione dell&#8217;Azienda Speciale del Comune di Ferrara in Societ\u00e0 a responsabilit\u00e0 limitata. Costituita nel 1959 dal Comune di Ferrara come azienda speciale, oggi l&#8217;AFM S.r.l. \u00e8 di propriet\u00e0 al 20% del Comune di Ferrara e all&#8217;80% di Holding Ferrara Servizi S.r.l., societ\u00e0 interamente controllata dal Comune di Ferrara.[\/vc_column_text][\/vc_column][\/vc_row][vc_row][vc_column width=&#8221;1\/2&#8243;][vc_empty_space height=&#8221;10px&#8221;]<div class=\"dt-fancy-separator h3-size style-disabled\" style=\"width: 100%;\"><div class=\"dt-fancy-title\" style=\"color: #333333;\"><span class=\"separator-holder separator-left\"><\/span>Missione<span class=\"separator-holder separator-right\"><\/span><\/div><\/div>[vc_empty_space height=&#8221;13px&#8221;]<div id=\"ultimate-heading-474669f28cef1a824\" class=\"uvc-heading ult-adjust-bottom-margin ultimate-heading-474669f28cef1a824 uvc-2492  uvc-heading-default-font-sizes\" data-hspacer=\"no_spacer\"  data-halign=\"left\" style=\"text-align:left\"><div class=\"uvc-heading-spacer no_spacer\" style=\"top\"><\/div><div class=\"uvc-sub-heading ult-responsive\"  data-ultimate-target='.uvc-heading.ultimate-heading-474669f28cef1a824 .uvc-sub-heading '  data-responsive-json-new='{\"font-size\":\"\",\"line-height\":\"\"}'  style=\"font-weight:normal;\"><\/p>\n<ul>\n<li style=\"text-align: left;\">Rispondere ai bisogni di salute e benessere dei cittadini del Comune di Ferrara gestendo con efficienza ed equit\u00e0 il servizio farmaceutico tenendo a riferimento la qualit\u00e0, la professionalit\u00e0, l\u2019etica sanitaria e la corretta informazione.<\/li>\n<li style=\"text-align: left;\">Dare alle Farmacie Comunali un ruolo a livello di quartiere, cercando delle sinergie con i consigli di quartiere in modo da creare un presidio che possa rispondere alle esigenze ed alle richieste dei cittadini.<\/li>\n<li style=\"text-align: left;\">Configurare la Farmacia come centro di riferimento per la salute, facendone una struttura organizzata, aperta e disponibile in termini di consulenza, assistenza e orientamento socio-sanitario e farmacologico (farmacia dei servizi).<\/li>\n<li style=\"text-align: left;\">Accreditare le 11 Farmacie come una rete diffusa sul territorio cittadino in grado di erogare servizi di qualit\u00e0 elevata e ad alto contenuto professionale nella sfera sanitaria e sociale.<\/li>\n<li style=\"text-align: left;\">Valorizzare e responsabilizzare il personale interno consentendo l\u2019ascolto e lo sviluppo delle professionalit\u00e0.<\/li>\n<li style=\"text-align: left;\">Gestire l\u2019azienda con efficienza operativa garantendo redditivit\u00e0 e investimenti di sviluppo.<\/li>\n<li style=\"text-align: left;\">Sviluppare collaborazioni con l\u2019Universit\u00e0, associazioni di volontariato, ordini professionali, associazioni sindacali, altri soggetti che sul territorio operano nel settore sociosanitario. Aumentare l\u2019accesso al servizio attraverso iniziative mirate per fasce di utenti.<\/li>\n<\/ul>\n<p><\/div><\/div>[\/vc_column][vc_column width=&#8221;1\/2&#8243;][vc_single_image image=&#8221;3286&#8243; img_size=&#8221;900&#215;650&#8243;][\/vc_column][\/vc_row][vc_row css=&#8221;.vc_custom_1585060972957{background-color: rgba(232,232,232,0.33) !important;*background-color: rgb(232,232,232) !important;}&#8221;][vc_column width=&#8221;1\/2&#8243;][vc_single_image image=&#8221;3289&#8243; img_size=&#8221;900&#215;530&#8243; css=&#8221;.vc_custom_1604044179408{margin-bottom: -20px !important;}&#8221;][\/vc_column][vc_column width=&#8221;1\/2&#8243;]<div class=\"dt-fancy-separator h3-size style-disabled\" style=\"width: 100%;\"><div class=\"dt-fancy-title\" style=\"color: #333333;\"><span class=\"separator-holder separator-left\"><\/span>Bilancio Economico<span class=\"separator-holder separator-right\"><\/span><\/div><\/div>[vc_empty_space height=&#8221;15px&#8221;][vc_column_text]<\/p>\n<p style=\"text-align: center;\">Bilancio Economico Anno 2019 di AFM \u2013 <a href=\"https:\/\/www.afm.fe.it\/wp-content\/uploads\/2020\/07\/AFM-Bilancio-Consuntivo-2019.pdf\">Bilancio 2019<\/a><\/p>\n<p style=\"text-align: center;\">Bilancio Economico Anno 2018 di AFM \u2013 <a href=\"https:\/\/www.afm.fe.it\/wp-content\/uploads\/2020\/07\/AFM-Bilancio-Consuntivo-Completo-Relazione-di-Gestione-Relazione-di-governo-societario-2018-2019.03.15-3.pdf\">Bilancio 2018<\/a><\/p>\n<p style=\"text-align: center;\">Bilancio Economico Anno 2017 di AFM \u2013 <a href=\"https:\/\/www.afm.fe.it\/wp-content\/uploads\/2020\/12\/AFM-Bilancio-per-stampa-2017-def.pdf\">Bilancio 2017<\/a><\/p>\n<p style=\"text-align: center;\">Bilancio Economico Anno 2016 di AFM \u2013 <a href=\"https:\/\/www.afm.fe.it\/wp-content\/uploads\/2020\/12\/bilancio-2016.pdf\">Bilancio 2016<\/a><\/p>\n<p style=\"text-align: center;\">Bilancio Economico Anno 2015 di AFM \u2013 <a href=\"https:\/\/www.afm.fe.it\/wp-content\/uploads\/2020\/12\/bilancio-2015.pdf\">Bilancio 2015<\/a><\/p>\n<p style=\"text-align: center;\">Bilancio Economico Anno 2014 di AFM \u2013 B<a href=\"https:\/\/www.afm.fe.it\/wp-content\/uploads\/2020\/12\/bilancio-2014.pdf\">ilancio 2014<\/a><\/p>\n<p style=\"text-align: center;\">Bilancio Economico Anno 2013 di AFM \u2013 <a href=\"https:\/\/www.afm.fe.it\/wp-content\/uploads\/2020\/12\/bilancio-2013.pdf\">Bilancio 2013<\/a><\/p>\n<p style=\"text-align: center;\">Bilancio Economico Anno 2012 di AFM \u2013 <a href=\"https:\/\/www.afm.fe.it\/wp-content\/uploads\/2020\/12\/bilancio-2012.pdf\">Bilancio 2012<\/a><\/p>\n<p style=\"text-align: center;\">Bilancio Economico Anno 2011 di AFM \u2013 <a href=\"https:\/\/www.afm.fe.it\/wp-content\/uploads\/2020\/12\/bilancio-2011.pdf\">Bilancio 2011<\/a><\/p>\n<p style=\"text-align: center;\">Bilancio Economico Anno 2010 di AFM \u2013 <a href=\"https:\/\/www.afm.fe.it\/wp-content\/uploads\/2020\/12\/bilancio-2010.pdf\">Bilancio 2010<\/a><\/p>\n<p>[\/vc_column_text][vc_empty_space height=&#8221;25px&#8221;][\/vc_column][\/vc_row][vc_row css=&#8221;.vc_custom_1604395974896{background-color: rgba(255,255,255,0.33) !important;*background-color: rgb(255,255,255) !important;}&#8221; el_id=&#8221;cartadeiservizi&#8221;][vc_column][vc_empty_space height=&#8221;7px&#8221;]<div class=\"dt-fancy-separator h3-size style-disabled\" style=\"width: 100%;\"><div class=\"dt-fancy-title\" style=\"color: #333333;\"><span class=\"separator-holder separator-left\"><\/span>Carta Servizi<span class=\"separator-holder separator-right\"><\/span><\/div><\/div>[vc_empty_space height=&#8221;23px&#8221;][vc_column_text css=&#8221;.vc_custom_1602237108729{margin-bottom: 3px !important;}&#8221;]La Carta dei Servizi \u00e8 essenziale per la tutela dei diritti del consumatore, \u00e8 una sorta di patto che vincola l\u2019ente di fronte al cittadino, una dichiarazione unilaterale con la quale l\u2019ente si assume l\u2019obbligo di offrire degli specifici servizi e l\u2019utente ha il diritto di pretendere il rispetto di tali servizi, perci\u00f2, oltre ad essere una guida, deve essere stimolo per mantenere alto il livello delle proprie attivit\u00e0 e per eventuali miglioramenti.[\/vc_column_text][vc_empty_space height=&#8221;18px&#8221;][vc_btn title=&#8221;Scarica ora la Carta dei Servizi&#8221; style=&#8221;custom&#8221; custom_background=&#8221;#438e51&#8243; custom_text=&#8221;#ffffff&#8221; align=&#8221;center&#8221; link=&#8221;url:https%3A%2F%2Fwww.afm.fe.it%2Fwp-content%2Fuploads%2F2023%2F12%2FCarta_Servizi_AFM23-1.pdf&#8221; css=&#8221;.vc_custom_1703845309293{margin-bottom: -15px !important;}&#8221;][\/vc_column][\/vc_row][vc_row][vc_column][\/vc_column][\/vc_row]<\/p>\n","protected":false},"excerpt":{"rendered":"<p>[vc_row][vc_column][vc_empty_space][\/vc_column][\/vc_row][vc_row css=&#8221;.vc_custom_1585060933258{background-color: rgba(232,232,232,0.33) !important;*background-color: rgb(232,232,232) !important;}&#8221;][vc_column width=&#8221;1\/2&#8243;][vc_single_image image=&#8221;6257&#8243; img_size=&#8221;900&#215;350&#8243;][\/vc_column][vc_column width=&#8221;1\/2&#8243;][vc_empty_space height=&#8221;15px&#8221;][vc_column_text]AFM Farmacie Comunali di Ferrara S.r.l. nasce nella primavera dell&#8217;anno 2012 dalla trasformazione dell&#8217;Azienda Speciale del Comune di Ferrara in&hellip;<\/p>\n","protected":false},"author":3,"featured_media":0,"parent":0,"menu_order":0,"comment_status":"closed","ping_status":"closed","template":"","meta":[],"class_list":["post-15","page","type-page","status-publish","hentry","description-off"],"_links":{"self":[{"href":"https:\/\/www.afm.fe.it\/index.php?rest_route=\/wp\/v2\/pages\/15","targetHints":{"allow":["GET"]}}],"collection":[{"href":"https:\/\/www.afm.fe.it\/index.php?rest_route=\/wp\/v2\/pages"}],"about":[{"href":"https:\/\/www.afm.fe.it\/index.php?rest_route=\/wp\/v2\/types\/page"}],"author":[{"embeddable":true,"href":"https:\/\/www.afm.fe.it\/index.php?rest_route=\/wp\/v2\/users\/3"}],"replies":[{"embeddable":true,"href":"https:\/\/www.afm.fe.it\/index.php?rest_route=%2Fwp%2Fv2%2Fcomments&post=15"}],"version-history":[{"count":226,"href":"https:\/\/www.afm.fe.it\/index.php?rest_route=\/wp\/v2\/pages\/15\/revisions"}],"predecessor-version":[{"id":10947,"href":"https:\/\/www.afm.fe.it\/index.php?rest_route=\/wp\/v2\/pages\/15\/revisions\/10947"}],"wp:attachment":[{"href":"https:\/\/www.afm.fe.it\/index.php?rest_route=%2Fwp%2Fv2%2Fmedia&parent=15"}],"curies":[{"name":"wp","href":"https:\/\/api.w.org\/{rel}","templated":true}]}}

<p>[vc_row][vc_column]<div class="dt-fancy-separator h2-size style-disabled" style="width: 100%;"><div class="dt-fancy-title" style="color: #438e51;"><span class="separator-holder separator-left"></span>Azienda<span class="separator-holder separator-right"></span></div></div>[vc_empty_space][/vc_column][/vc_row][vc_row css=&#8221;.vc_custom_1585060933258{background-color: rgba(232,232,232,0.33) !important;*background-color: rgb(232,232,232) !important;}&#8221;][vc_column width=&#8221;1/2&#8243;][vc_single_image image=&#8221;6257&#8243; img_size=&#8221;900&#215;350&#8243;][/vc_column][vc_column width=&#8221;1/2&#8243;]<div class="dt-fancy-separator h3-size style-disabled" style="width: 100%;"><div class="dt-fancy-title" style="color: #333333;"><span class="separator-holder separator-left"></span>La Storia<span class="separator-holder separator-right"></span></div></div>[vc_empty_space height=&#8221;15px&#8221;][vc_column_text]AFM Farmacie Comunali di Ferrara S.r.l. nasce nella primavera dell&#8217;anno 2012 dalla trasformazione dell&#8217;Azienda Speciale del Comune di Ferrara in Società a responsabilità limitata. Costituita nel 1959 dal Comune di Ferrara come azienda speciale, oggi l&#8217;AFM S.r.l. è di proprietà al 20% del Comune di Ferrara e all&#8217;80% di Holding Ferrara Servizi S.r.l., società interamente controllata dal Comune di Ferrara.[/vc_column_text][/vc_column][/vc_row][vc_row][vc_column width=&#8221;1/2&#8243;][vc_empty_space height=&#8221;10px&#8221;]<div class="dt-fancy-separator h3-size style-disabled" style="width: 100%;"><div class="dt-fancy-title" style="color: #333333;"><span class="separator-holder separator-left"></span>Missione<span class="separator-holder separator-right"></span></div></div>[vc_empty_space height=&#8221;13px&#8221;]<div id="ultimate-heading-474669f28cef1a824" class="uvc-heading ult-adjust-bottom-margin ultimate-heading-474669f28cef1a824 uvc-2492  uvc-heading-default-font-sizes" data-hspacer="no_spacer"  data-halign="left" style="text-align:left"><div class="uvc-heading-spacer no_spacer" style="top"></div><div class="uvc-sub-heading ult-responsive"  data-ultimate-target='.uvc-heading.ultimate-heading-474669f28cef1a824 .uvc-sub-heading '  data-responsive-json-new='{"font-size":"","line-height":""}'  style="font-weight:normal;"></p>
<ul>
<li style="text-align: left;">Rispondere ai bisogni di salute e benessere dei cittadini del Comune di Ferrara gestendo con efficienza ed equità il servizio farmaceutico tenendo a riferimento la qualità, la professionalità, l’etica sanitaria e la corretta informazione.</li>
<li style="text-align: left;">Dare alle Farmacie Comunali un ruolo a livello di quartiere, cercando delle sinergie con i consigli di quartiere in modo da creare un presidio che possa rispondere alle esigenze ed alle richieste dei cittadini.</li>
<li style="text-align: left;">Configurare la Farmacia come centro di riferimento per la salute, facendone una struttura organizzata, aperta e disponibile in termini di consulenza, assistenza e orientamento socio-sanitario e farmacologico (farmacia dei servizi).</li>
<li style="text-align: left;">Accreditare le 11 Farmacie come una rete diffusa sul territorio cittadino in grado di erogare servizi di qualità elevata e ad alto contenuto professionale nella sfera sanitaria e sociale.</li>
<li style="text-align: left;">Valorizzare e responsabilizzare il personale interno consentendo l’ascolto e lo sviluppo delle professionalità.</li>
<li style="text-align: left;">Gestire l’azienda con efficienza operativa garantendo redditività e investimenti di sviluppo.</li>
<li style="text-align: left;">Sviluppare collaborazioni con l’Università, associazioni di volontariato, ordini professionali, associazioni sindacali, altri soggetti che sul territorio operano nel settore sociosanitario. Aumentare l’accesso al servizio attraverso iniziative mirate per fasce di utenti.</li>
</ul>
<p></div></div>[/vc_column][vc_column width=&#8221;1/2&#8243;][vc_single_image image=&#8221;3286&#8243; img_size=&#8221;900&#215;650&#8243;][/vc_column][/vc_row][vc_row css=&#8221;.vc_custom_1585060972957{background-color: rgba(232,232,232,0.33) !important;*background-color: rgb(232,232,232) !important;}&#8221;][vc_column width=&#8221;1/2&#8243;][vc_single_image image=&#8221;3289&#8243; img_size=&#8221;900&#215;530&#8243; css=&#8221;.vc_custom_1604044179408{margin-bottom: -20px !important;}&#8221;][/vc_column][vc_column width=&#8221;1/2&#8243;]<div class="dt-fancy-separator h3-size style-disabled" style="width: 100%;"><div class="dt-fancy-title" style="color: #333333;"><span class="separator-holder separator-left"></span>Bilancio Economico<span class="separator-holder separator-right"></span></div></div>[vc_empty_space height=&#8221;15px&#8221;][vc_column_text]</p>
<p style="text-align: center;">Bilancio Economico Anno 2019 di AFM – <a href="https://www.afm.fe.it/wp-content/uploads/2020/07/AFM-Bilancio-Consuntivo-2019.pdf">Bilancio 2019</a></p>
<p style="text-align: center;">Bilancio Economico Anno 2018 di AFM – <a href="https://www.afm.fe.it/wp-content/uploads/2020/07/AFM-Bilancio-Consuntivo-Completo-Relazione-di-Gestione-Relazione-di-governo-societario-2018-2019.03.15-3.pdf">Bilancio 2018</a></p>
<p style="text-align: center;">Bilancio Economico Anno 2017 di AFM – <a href="https://www.afm.fe.it/wp-content/uploads/2020/12/AFM-Bilancio-per-stampa-2017-def.pdf">Bilancio 2017</a></p>
<p style="text-align: center;">Bilancio Economico Anno 2016 di AFM – <a href="https://www.afm.fe.it/wp-content/uploads/2020/12/bilancio-2016.pdf">Bilancio 2016</a></p>
<p style="text-align: center;">Bilancio Economico Anno 2015 di AFM – <a href="https://www.afm.fe.it/wp-content/uploads/2020/12/bilancio-2015.pdf">Bilancio 2015</a></p>
<p style="text-align: center;">Bilancio Economico Anno 2014 di AFM – B<a href="https://www.afm.fe.it/wp-content/uploads/2020/12/bilancio-2014.pdf">ilancio 2014</a></p>
<p style="text-align: center;">Bilancio Economico Anno 2013 di AFM – <a href="https://www.afm.fe.it/wp-content/uploads/2020/12/bilancio-2013.pdf">Bilancio 2013</a></p>
<p style="text-align: center;">Bilancio Economico Anno 2012 di AFM – <a href="https://www.afm.fe.it/wp-content/uploads/2020/12/bilancio-2012.pdf">Bilancio 2012</a></p>
<p style="text-align: center;">Bilancio Economico Anno 2011 di AFM – <a href="https://www.afm.fe.it/wp-content/uploads/2020/12/bilancio-2011.pdf">Bilancio 2011</a></p>
<p style="text-align: center;">Bilancio Economico Anno 2010 di AFM – <a href="https://www.afm.fe.it/wp-content/uploads/2020/12/bilancio-2010.pdf">Bilancio 2010</a></p>
<p>[/vc_column_text][vc_empty_space height=&#8221;25px&#8221;][/vc_column][/vc_row][vc_row css=&#8221;.vc_custom_1604395974896{background-color: rgba(255,255,255,0.33) !important;*background-color: rgb(255,255,255) !important;}&#8221; el_id=&#8221;cartadeiservizi&#8221;][vc_column][vc_empty_space height=&#8221;7px&#8221;]<div class="dt-fancy-separator h3-size style-disabled" style="width: 100%;"><div class="dt-fancy-title" style="color: #333333;"><span class="separator-holder separator-left"></span>Carta Servizi<span class="separator-holder separator-right"></span></div></div>[vc_empty_space height=&#8221;23px&#8221;][vc_column_text css=&#8221;.vc_custom_1602237108729{margin-bottom: 3px !important;}&#8221;]La Carta dei Servizi è essenziale per la tutela dei diritti del consumatore, è una sorta di patto che vincola l’ente di fronte al cittadino, una dichiarazione unilaterale con la quale l’ente si assume l’obbligo di offrire degli specifici servizi e l’utente ha il diritto di pretendere il rispetto di tali servizi, perciò, oltre ad essere una guida, deve essere stimolo per mantenere alto il livello delle proprie attività e per eventuali miglioramenti.[/vc_column_text][vc_empty_space height=&#8221;18px&#8221;][vc_btn title=&#8221;Scarica ora la Carta dei Servizi&#8221; style=&#8221;custom&#8221; custom_background=&#8221;#438e51&#8243; custom_text=&#8221;#ffffff&#8221; align=&#8221;center&#8221; link=&#8221;url:https%3A%2F%2Fwww.afm.fe.it%2Fwp-content%2Fuploads%2F2023%2F12%2FCarta_Servizi_AFM23-1.pdf&#8221; css=&#8221;.vc_custom_1703845309293{margin-bottom: -15px !important;}&#8221;][/vc_column][/vc_row][vc_row][vc_column][/vc_column][/vc_row]</p>
